70. Let d be 1 - (-95 - 0) - 1. Let s = d - h. What is the units digit of s?
5
Let r be 2993/7 - 33/(-77). Let i = -176 + r. What is the units digit of i?
2
Let w(k) = k**2 - 7*k + 15. Let b be w(5). Suppose -1205 + 255 = -b*a. What is the units digit of a?
0
Let y(u) = -10*u**2 + u - 13. Let n be y(-4). Let v = 349 + n. Suppose -2*z = -46 - v. What is the units digit of z?
9
Let j(m) = -74*m**3 + m**2 + 2*m + 2. Let l be j(-2). Suppose -26*f - 770 = -2*x - 22*f, 0 = -2*x - 4*f + 722. Let w = l - x. What is the units digit of w?
1
Let o(t) = -3*t**2 + 2*t + 1362. Let w be o(0). Let m = w + -931. What is the tens digit of m?
3
Let g(c) = 10*c**2 + 8 - 8 - 6 - 4*c**3 + 3*c**3 + 18*c. What is the units digit of g(10)?
4
Let c(l) = -9*l**3 - 7*l**2 - 13*l - 7. Let j be c(-5). Let v = j + -541. What is the tens digit of v?
6
Let y be (4 - (-84)/(-2))/(6/(-3)). Let x be (1 + (2 - 2))/(1/y). What is the tens digit of x + -5 + 1 + 1?
1
Suppose 17*j + 129*j = 4195164. What is the units digit of j?
4
Suppose 5*z = -5*c + 35280, -3*c - 2*c + 28229 = 4*z. What is the hundreds digit of z?
0
Suppose -19 = -p - 3. Let m = p - 9. Let j(r) = 13*r + 23. What is the hundreds digit of j(m)?
1
Suppose -61 = -m + 4*q, -6*q + 205 = 5*m - q. Suppose 2*n = -3*h + 1059, -3*h + 50*n = m*n - 1038. What is the hundreds digit of h?
3
Let m(r) = -r**3 + 6*r**2 + 4*r + 9. Let k be m(7). Let u = k - -11. What is the tens digit of 6/(-10) + u*398/(-5)?
7
Suppose 0 = -5*q - 0*q + 55. Let s = 19877 + -19439. Suppose -q*w = -9*w - s. What is the units digit of w?
9
Suppose -50*i + 69112 + 18538 = 0. What is the units digit of i?
3
Let l be (-3)/(-9) + 1/(-3). Let z be (l - (0 + 3)/3) + -19. What is the units digit of 6/(-5) + 1 - 2384/z?
9
Let g be (4/12)/(-3 + 82/27). Let o be (-6)/g + 608/(-6). What is the units digit of (1 + -10)*(-7)/((-63)/o)?
2
Suppose 0 = -4*f - 3*r + 1040, -5*f + 3*r = -r - 1300. Let u = 211 + f. What is the hundreds digit of u?
4
Let l(g) be the second derivative of -g**4/12 + 7*g**3/3 - 27*g**2/2 - 25*g. Let u be l(11). What is the tens digit of (33/(-22))/(u/(-140))?
3
Let o(q) be the second derivative of q**4/2 + 37*q**3/6 + 33*q**2/2 - q - 1. What is the hundreds digit of o(-10)?
2
What is the hundreds digit of (2675 - 5)*1/2?
3
Let x = 35 + -36. What is the units digit of ((-279)/3 - 0/(-10))*x?
3
Suppose -3*j - 40*b + 42*b = -9634, -4*b = 3*j - 9640. What is the thousands digit of j?
3
Let p(l) be the first derivative of 3*l**2/2 + 13*l - 16. Let h be p(-3). Suppose h*v + 5*m - 366 - 39 = 0, -v + 4*m = -96. What is the units digit of v?
0
Let w = -8 + 10. Let g be (w + -1)*-1*1 + 187. Suppose 0 = 5*t - 24 - g. What is the units digit of t?
2
Suppose 0 = -3*g + 7 - 10. Let w be (5 - (-3)/g) + -100. Let f = w - -143. What is the units digit of f?
5
Let m = 234 + -230. Suppose 5*y - 3*y + 2*x - 602 = 0, 606 = 2*y + m*x. What is the tens digit of y?
9
Let z = 8351 - 1933. What is the tens digit of z?
1
Suppose 1446128 = 610*z - 476*z. What is the ten thousands digit of z?
1
Let m(f) = -f**2 - 16*f - 13. Let i be m(-15). Suppose -4*o - i*p + 864 = 0, 0*p - 4*p = 2*o - 432. What is the hundreds digit of o?
2
Suppose 2*x - 3*u - 26 = 0, 2*x - 5*x = 3*u - 24. Suppose x = -5*v, 0 = -3*d + 5*v - 36 + 646. What is the hundreds digit of d?
2
Let w be (-8)/20*-15 + 2284. Suppose -5*d + w = -m - 2*m, 0 = 5*d - 5*m - 2280. What is the tens digit of d?
6
Let f = 3972 - -1874. What is the hundreds digit of f?
8
Suppose -5*o + 31 = 4*b - 25, b - 29 = -5*o. Let y be (6/b)/((-8)/1164). Let r = -20 - y. What is the tens digit of r?
7
Let w = 168 - 163. What is the units digit of ((-1838)/(-10) - -7)*w?
4
Suppose -17*a + 7*a = -100. Suppose 0 = -a*l - 0*l + 30. Suppose -l*b - 274 = -v, 0 = 2*b + 2 - 12. What is the hundreds digit of v?
2
Let u = 32881 - 12533. What is the tens digit of u?
4
Suppose 256*h + 40800 = 262*h. What is the units digit of h?
0
Suppose -a - 19594 = -3*m, -m + 6532 = 11*a - 12*a. What is the units digit of m?
1
Suppose 0 = -5*h + 9*h + 3*o - 47414, 0 = 2*o - 4. What is the hundreds digit of h?
8
Let c = -3 + 5. Let r(a) = 8*a**2 - 419*a + 159. Let o be r(52). Suppose 9 = 3*p + o, 0 = -q + c*p + 42. What is the tens digit of q?
4
Let q = 166 - 162. Suppose -5*v + 607 = -3*f + 1899, -q*f = -2*v - 1718. What is the hundreds digit of f?
4
Let h be (-11)/(330/(-36))*20 + -3. What is the hundreds digit of (-3)/(-9) - (-10073)/h?
4
What is the tens digit of (0 - -2)*(-17)/((-136)/62844)?
1
Suppose 93*y - 90*y = -54. What is the units digit of (2 + y/4)*(-28)/35?
2
What is the thousands digit of -1*(20/((-20)/3))/((-9)/(-186033))?
2
Let a be (-2 + 1)/(11/(-2233)). Let j = a + 38. What is the units digit of j?
1
Suppose 220*t = 119*t - 162*t + 4458639. What is the thousands digit of t?
6
Let x(c) = c**2 - 20*c - 19. Suppose -7*d + 105 = -2*d. Let p be x(d). Suppose p*n - 44 = -3*g + 7*n, -12 = 3*n. What is the units digit of g?
8
Suppose -4*d + 423 = -2*o - 3*d, 0 = -2*d + 6. Let s = o + 134. What is the tens digit of (1/(-2))/(1/s)?
3
Let j = -1 - -3. Suppose -38520 = -68*c - 4*c. Suppose -4*l + 5*v = -c, -420 - 270 = -5*l + j*v. What is the hundreds digit of l?
1
Suppose -5 = -2*h + t, -2*h + 4*t - 9 = -5. Suppose 376 + 742 = h*j + 2*g, 0 = 4*j + g - 1117. What is the tens digit of j?
7
Suppose 0*z - 348 = -4*v + 4*z, 5*v = 2*z + 441. Suppose 3*q + 9 = 5*p - 1, 0 = -5*q + 25. Suppose -v = -p*g + 46. What is the units digit of g?
7
Let c(t) = t + 5. Let a be c(-2). Let z be 4/(-10) - (96/(-5))/a. Let r = 88 - z. What is the tens digit of r?
8
Let b = 790 - 788. Let n be -259*(-2 - (-4)/4). Suppose -351 = -3*a + 3*w, -b*a + 2*w = 5*w - n. What is the units digit of a?
2
Let m = -61994 - -91891. What is the tens digit of m?
9
Let o = -42325 + 65087. What is the thousands digit of o?
2
Suppose 82946 = 4*o + 2*p, 0*o + 4*p + 20732 = o. What is the ten thousands digit of o?
2
Let d be (36/20 + 1)/((-6)/(-75)). Suppose 2*w = 855 + d. What is the hundreds digit of w?
4
Let i = -45 + 40. Let d be 0 - (1 + 2 + i). Suppose 0 = -d*y - 3*y + 1185. What is the tens digit of y?
3
Suppose 0 = -2*z - 14 + 36. Let x = z - -97. What is the units digit of x?
8
Let r be (33/6)/(1/832*-2). What is the tens digit of 56/72 - 1 - r/9?
5
Let i(c) = 610*c**2 + 194*c + 21. What is the ten thousands digit of i(-6)?
2
Let n(i) = i**3 + 5*i**2 + 3*i - 1. Let k be n(-3). Let x(y) = -k*y - 4 + 3*y + 3*y - 17. What is the units digit of x(-14)?
7
What is the tens digit of -6 + 57657/12 - (-8)/32?
9
Suppose 6638 = 2*r + 2*j, -2*j - 7286 = -5*r + 9281. What is the units digit of r?
5
Let q(w) be the third derivative of -17*w**4/6 - 23*w**3/2 - 123*w**2 + 2*w. What is the tens digit of q(-6)?
3
Let p(i) = -53*i**2 - 13*i + 42. Let m(b) = b**2 - b + 2. Let t(g) = 2*m(g) - p(g). What is the hundreds digit of t(3)?
4
Let k = -16181 + 66580. What is the thousands digit of k?
0
Let h = 4767 - 1824. Suppose -15*g + 9657 + h = 0. What is the units digit of g?
0
What is the hundreds digit of (32614/3)/((-104)/(-156))?
3
Let l = -225 + 228. Suppose -2*o + 7*o = x - 404, l*x + 3*o - 1194 = 0. What is the hundreds digit of x?
3
Suppose -s + 5918 = 22*z - 21*z, 2*z - 5*s - 11815 = 0. What is the hundreds digit of z?
9
Let u = 22279 + -14424. What is the hundreds digit of u?
8
What is the thousands digit of (3971/418 - 9*1)/(1/46232)?
3
Let k(q) be the first derivative of -2*q**3/3 - 35*q**2 - 43*q - 71. What is the units digit of k(-22)?
9
Let r = 45 + -43. Suppose -4*s - 18 = -r, -5*s - 14 = 2*m. Suppose -m = -3*h, 2*f + 4*h - 32 = f. What is the units digit of f?
8
Suppose 68*k + 1161992 = 107*k + 65*k. What is the units digit of k?
3
Suppose -2*s = 4*k - 8, 4*k + 3 = 4*s + 11. Suppose s = -14*x - 644 + 1708. What is the tens digit of x?
7
Let d(r) = -r**3 + 4*r**2 + 5*r - 18. Let b be d(4). Suppose -j + 887 = k - 5*j, 0 = -b*k + 4*j + 1786. What is the hundreds digit of k?
8
Let p(i) = 16*i + 10. Let w be p(-4). Let s(f) = 35*f**2 - 2*f. Let n be s(-2). Let x = n + w. What is the tens digit of x?
9
Let w(s) be the third derivative of s**5/20 + 3*s**4/2 + s**3/2 + 3*s**2 + 17*s. What is the tens digit of w(7)?
0
Let c be -489*(-3)/63 + (-12)/42. Suppose 1711 = c*s + 446. What is the units digit